417*d - 24183. Calculate k(10).
-13
Let v(a) = 59917*a - 539282. Give v(9).
-29
Let o(k) = -k**3 + 9*k**2 + 13*k + 115. Give o(14).
-683
Let d(i) = -2*i**3 - 515*i**2 - 744*i + 6026. Calculate d(-256).
-118
Let c(x) = -6*x**2 + 589*x - 13318. Calculate c(34).
-228
Let p(n) = 333*n + 1058. Determine p(-4).
-274
Let u(s) = 4*s**3 - 25*s**2 + 36*s - 15. Calculate u(1).
0
Let f(t) = 86*t + 83. Calculate f(1).
169
Let r(a) = -122*a**2 - 48789*a + 4404. Give r(-400).
4
Let k(x) = -337488*x + 2362415. What is k(7)?
-1
Let k(d) = 995214*d + 10947323. What is k(-11)?
-31
Let c(k) = -91*k**3 - 364*k**2 + 9*k + 26. What is c(-4)?
-10
Let o(j) = 153*j**3 + 3*j**2 - 32*j + 60. Determine o(2).
1232
Let b(f) = 25*f**3 + 1347*f**2 - 175*f - 438. Give b(-54).
264
Let n(f) = -13*f**3 - 109*f**2 + 12*f - 9. Give n(-8).
-425
Let g(y) = y**2 + 3254*y - 9741. Give g(3).
30
Let b(n) = n**2 + 230*n - 6054. Calculate b(22).
-510
Let v(p) = p**3 + 38*p**2 + 353*p - 25. Give v(-16).
-41
Let w(h) = h**3 + 393*h**2 + 3444*h - 4647. Calculate w(-384).
-39
Let a(o) = -o**2 - 98*o - 1547. Give a(-75).
178
Let b(c) = 10*c**3 - 5*c**2 - 658*c + 663. What is b(1)?
10
Let o(f) = -7*f**2 + 437*f + 9738. Calculate o(-17).
286
Let n(y) = 60*y**2 - 1429*y - 267. What is n(24)?
-3
Let x(g) = -g**2 - 2716*g + 172292. Give x(62).
56
Let n(q) = -142993*q - 10295483. Give n(-72).
13
Let v(j) = j**3 - 136*j**2 + 823*j - 5575. Give v(130).
15
Let d(q) = -q**2 - 17042*q + 358327. Calculate d(21).
4
Let g(x) = -20*x**2 + 286*x - 2025. What is g(7)?
-1003
Let k(h) = -313410*h + 31967824. Give k(102).
4
Let a(c) = -61*c**2 + 402*c - 261. Calculate a(11).
-3220
Let i(u) = -35*u**3 + 8*u**2 - 242*u + 679. What is i(3)?
-920
Let o(u) = -u**3 - 96*u**2 + 97*u + 4. Determine o(-97).
4
Let f(r) = r**3 - 15*r**2 + 80*r - 460. Calculate f(7).
-292
Let y(t) = t**3 + 7*t**2 - 8229*t - 65752. What is y(-8)?
16
Let c(p) = -325*p**2 - 111148*p + 681. Give c(-342).
-3
Let m(h) = 203*h**3 - 21*h**2 - 32*h - 3. Give m(-1).
-195
Let t(l) = 40*l**2 + 756*l - 114. Give t(-19).
-38
Let u(d) = -250*d**2 + 13*d + 23. Determine u(2).
-951
Let j(f) = -5*f**3 - 2338*f**2 - 1382*f + 8862. Give j(-467).
-11
Let p(c) = -965*c**2 + 170*c - 170. Determine p(1).
-965
Let i(x) = x**3 - 248*x**2 + 897*x - 99632. What is i(246)?
-2
Let l(y) = 436030*y + 7412512. Give l(-17).
2
Let b(c) = 21790*c + 1394619. What is b(-64)?
59
Let o(z) = -9620*z - 278986. Calculate o(-29).
-6
Let b(z) = -z**3 + 91*z**2 + 487*z - 592. What is b(96)?
80
Let l(d) = -d**2 - 115*d + 2491. Determine l(-133).
97
Let k(b) = -2*b**2 - 175*b + 2920. Give k(-101).
193
Let t(z) = -2*z**2 - 297*z - 6137. Give t(-25).
38
Let n(z) = -83467*z + 14940599. What is n(179)?
6
Let h(m) = 584*m**2 + 3516*m + 18. Calculate h(-6).
-54
Let k(h) = 61*h - 10638. What is k(176)?
98
Let d(x) = -509*x**2 + 207626*x + 18779. What is d(408)?
11
Let z(a) = 8871*a + 674223. Calculate z(-76).
27
Let u(t) = -8*t**3 - 44*t**2 + 23*t - 1. What is u(-6)?
5
Let y(z) = -220*z - 10203. Determine y(-46).
-83
Let d(l) = 37*l**2 - 488*l - 109. What is d(13)?
-200
Let u(m) = m**3 - 38*m**2 - 9254*m - 891. What is u(-79)?
-22
Let w(g) = 11637*g + 17920963. Determine w(-1540).
-17
Let c(v) = -5568*v + 55335. Give c(10).
-345
Let h(p) = 17*p**2 + 74*p + 243. What is h(-6)?
411
Let u(g) = -2*g**2 + 31*g - 285. Calculate u(13).
-220
Let v(a) = 31*a**2 + 9581*a + 598. What is v(-309)?
-20
Let q(p) = -7*p**2 + 3947*p - 72060. What is q(545)?
-120
Let x(d) = -1620*d - 32238. Calculate x(-20).
162
Let h(f) = -f**2 - 1075*f + 38912. Determine h(35).
62
Let u(z) = -5*z**2 - 344*z - 902. Determine u(-66).
22
Let k(d) = -2*d**2 + 716*d - 16081. Determine k(24).
-49
Let m(v) = -4347*v - 165482. Give m(-38).
-296
Let r(m) = -42*m - 3751. What is r(-73)?
-685
Let z(p) = -p**2 + 132*p - 844. Calculate z(125).
31
Let a(h) = -5*h**3 - 7*h**2 + 916*h + 508. Determine a(-14).
32
Let p(u) = -52*u**3 - 30366*u**2 + 1130*u - 22186. Calculate p(-584).
6
Let q(g) = 45*g**2 + 2751*g + 725. Calculate q(-61).
359
Let l(v) = v**2 + 16033*v + 1323854. Calculate l(-83).
4
Let o(c) = -3*c**3 + 6*c**2 + 807*c - 1624. Calculate o(2).
-10
Let q(g) = -18*g**2 + 275*g - 167. Give q(23).
-3364
Let s(r) = 61964*r - 4523368. Give s(73).
4
Let s(o) = -5424*o - 16009. Calculate s(-3).
263
Let s(d) = -31*d**2 - 10955*d + 66837. Give s(6).
-9
Let m(l) = -1280*l - 133115. What is m(-104)?
5
Let f(p) = -p**3 - 407*p**2 + 400*p - 3321. Determine f(-408).
-57
Let x(d) = 79*d**2 - 967*d + 1938. Give x(2).
320
Let c(l) = 1575*l - 170703. Give c(109).
972
Let p(n) = -290*n + 14717. Determine p(51).
-73
Let s(k) = 60*k**2 - 308*k - 3877. Determine s(11).
-5
Let o(k) = -k**3 - 49*k**2 + 1249*k - 9044. Determine o(-69).
-5
Let g(q) = 2*q**3 + 180*q**2 - 208*q - 723. Calculate g(-91).
1643
Let b(f) = -1442*f - 7012. Determine b(-4).
-1244
Let q(t) = -t**3 - 655*t**2 - 1168*t + 89912. What is q(-653)?
-202
Let s(v) = -v**3 - 126*v**2 + 390*v + 64374. Calculate s(-125).
-1
Let i(b) = 2*b**3 + 219*b**2 + 136*b + 3188. Determine i(-109).
245
Let s(m) = m**2 - 199181*m + 3385739. Calculate s(17).
-49
Let y(u) = 3770*u + 33468. What is y(-8)?
3308
Let r(w) = -3*w**2 - 228*w - 4233. What is r(-44)?
-9
Let z(u) = -u**3 + 14*u**2 + 6*u - 752. What is z(0)?
-752
Let z(r) = r**2 - 1857*r + 665408. Give z(485).
-12
Let f(g) = -14*g**2 + 378*g + 236. Give f(26).
600
Let r(u) = -6*u**2 + 361*u - 3424. Give r(12).
44
Let p(h) = h**2 + 34*h - 689. Give p(14).
-17
Let y(k) = 1800*k**2 - 9047*k + 235. Calculate y(5).
0
Let k(t) = -73*t**2 + 48. What is k(0)?
48
Let o(z) = -z**3 + 46*z**2 + 28*z - 9586. What is o(18)?
-10
Let p(y) = 17*y**2 + 254*y - 99. Calculate p(-11).
-836
Let p(m) = -27*m**2 - 470*m - 1858. Calculate p(-4).
-410
Let j(p) = 10*p**2 - 130*p - 2184. Calculate j(-16).
2456
Let n(g) = -29*g**2 - 2550*g + 52. Calculate n(-88).
-124
Let x(q) = q**2 - 119*q - 1784. Determine x(133).
78
Let r(p) = -4*p**2 - 1008*p - 12452. Calculate r(-13).
-24
Let n(l) = -3*l**2 - 323*l + 2054. Determine n(6).
8
Let n(h) = -2*h**3 - 125*h**2 - 293*h + 128. Give n(-60).
-292
Let w(j) = -4*j**3 + 213*j**2 - 2012*j + 134. Give w(41).
11
Let z(p) = p**3 - 48*p**2 + 582*p - 2127. What is z(11)?
-202
Let g(z) = -86*z + 613. Give g(5).
183
Let q(n) = -n**2 + 1497*n + 109531. What is q(-71)?
-1797
Let f(m) = -15*m**2 + 117*m + 952. Determine f(13).
-62
Let p(d) = 355*d**2 - 5080*d + 1485. Determine p(14).
-55
Let i(a) = 11933*a - 262651. What is i(22)?
-125
Let b(z) = -5563*z + 11142. Determine b(2).
16
Let x(h) = 36*h**2 - 217*h - 708. Calculate x(-4).
736
Let s(n) = n**3 - 35*n**2 - 72*n - 333. Determine s(37).
-259
Let o(z) = -z**3 - 48*z**2 - 222*z - 199. Determine o(-43).
102
Let h(z) = -z**3 + 1183*z**2 + 87731*z + 1441. Determine h(-70).
-29
Let n(l) = -1538*l - 6578. Determine n(-4).
-426
Let x(q) = -q**3 + 116*q**2 + 16*q - 1623. Calculate x(116).
233
Let o(a) = -a**3 - 2*a**2 + 15135*a + 871. Calculate o(-124).
3
Let n(b) = -b**3 + 230*b**2 - 3237*b + 173. Determine n(15).
-7
Let t(c) = 3*c**3 + 566*c**2 + 9224*c + 145. Give t(-18).
1
Let o(d) = d**2 - 182*d + 6185. What is o(139)?
208
Let p(f) = f**3 - 333*f**2 + 14149*f + 330. Determine p(283).
47
Let g(z) = z**2 - 1618*z - 16260. What is g(-10)?
20
Let u(z) = z**3 + 21*z**2 + 1672*z + 46878. Determine u(-26).
26
Let y(d) = 8*d**2 - 1112*d + 1566. Calculate y(138).
462
Let q(i) = 12*i**2 - 489*i + 790. Calculate q(39).
-29
Let v(r) = -162101*r**2 + 972613*r - 6. Calculate v(6).
36
Let i(a) = 5*a**2 - 1869*a - 14974. Determine i(-8).
298
Let m(b) = -b**3 + 84*b**2 + 187*b - 8489. Give m(85).
181
Let v(o) = -10*o**2 - 1700*o - 31279. Determine v(-21).
11
Let u(v) = v**3 - 253*v**2 - 1533*v - 5419. Determine u(259).
20
Let i(g) = 5202227*g + 10404439. Calculate i(-2).
-15
Let h(y) = y**2 + 4835*y + 281773. Determine h(-59).
-11
Let n(u) = -7291*u - 1815470. What is n(-249)?
-11
Let k(f) = -12*f**2 - 1768*f + 1176. Give k(-148).
-8
Let n(q) = -q**2 - 8709*q + 1400971. Determine n(158).
-15
Let h(a) = 1358*a + 132391. What is h(-97)?
665
Let p(y) = 6*y**2 - 87*y - 203. Determine p(24).
1165
Let j(m) = -16*m**2 + 67*m + 353. Give j(-4).
-171
Let d(l) = -30503*l + 640520. Calculate d(21).
-43
Let m(b) = -b**3 + 14*